) + (-19 - -10)?
-4
Evaluate -5 + (0 - -8 - (-12 - -16)).
-1
What is the value of 0 + -6 + (3 - 1) - -3?
-1
What is 2 - 1 - (3 - 4) - -7?
9
What is (1 + 1 - -1) + -5 + 2?
0
Calculate 8 + (-5 - 13) + 7.
-3
Evaluate -4 + 2 + 1 + 22 + -26.
-5
Evaluate 1 + (-3 - 5 - -24 - 8).
9
Evaluate -3 + 7 + -4 + 7 + 0.
7
What is (-6 - (-8 - -5)) + 4?
1
Calculate (0 - (-5 - -8)) + 4.
1
Evaluate -7 + 8 + 7 + -14.
-6
What is 1 + -2 + (-3 - 0)?
-4
What is the value of -5 + (5 + 0 + 7 - 2)?
5
-2 + 0 + (-15 - -22)
5
5 + (-11 - 5) + 4
-7
Calculate -1 + -8 + (2 - (0 - 2)).
-5
Calculate 1 - 2 - -2 - 3.
-2
Calculate 6 + (-8 - (3 - (0 + 7))).
2
Calculate -4 - ((-8 - -4) + 4) - -8.
4
What is -8 - -2 - -5 - 3?
-4
14 + (2 - (20 - 8))
4
-7 + (-5 - (-19 - -8))
-1
Calculate -4 + (-4 - -4 - -4 - 0).
0
Evaluate -4 - (9 + (-17 - -6)).
-2
What is (-3 - 15 - -9) + 3?
-6
Calculate 9 + -11 + 2 + -2 + 0.
-2
Evaluate 4 - (0 + -4 + 5 - -2).
1
What is the value of 11 + (1 - (30 - 11))?
-7
Calculate 0 + -6 + -2 + 5 + 2.
-1
What is the value of -1 - 1 - (-3 - 1) - 5?
-3
(8 + 0 - (-1 + 5)) + -8
-4
Evaluate -5 + 0 + -3 + 5.
-3
Evaluate 1 + (2 - 3) - (-27 - -28).
-1
Evaluate -4 + (5 - 7) + 3 - -2.
-1
Calculate (-4 - (-2 - 2)) + 4 + -8.
-4
3 + (0 - 0) + (-11 - -7)
-1
What is the value of -9 - ((-2 - 8) + 2)?
-1
Calculate 2 + (-1 - 4) + (1 - 0).
-2
Evaluate 1 + -8 + -23 + 30.
0
What is 10 - (-8 + 7 + 7)?
4
What is the value of 106 + -97 + (-10 - 1)?
-2
What is the value of 1 + -8 + 0 + 5?
-2
Calculate 3 - (0 + 3 - (-6 + 7)).
1
What is -9 - -16 - (1 + 3)?
3
What is the value of (4 - (8 - 4)) + 1?
1
-3 - (0 - (0 - -3))
0
-5 + (4 - 3 - -3)
-1
What is the value of 2 - 11 - -14 - 7?
-2
(-4 - (-2 + 1)) + 13 + -11
-1
What is the value of -4 + -1 + 2 + -2 + -1?
-6
Calculate 3 + -1 + -2 - (3 + 2).
-5
0 - 3 - (-2 + -6)
5
What is 0 + -2 + -2 + -3 + 2?
-5
What is the value of 15 + -13 - (-2 + 7)?
-3
What is the value of 4 + 2 + -4 + 4?
6
2 + -3 + 1 - -2 - -1
3
Evaluate 1 - 1 - (-21 + 23).
-2
-27 + 30 + (0 - -3) + -2
4
What is the value of -1 + -1 - (9 - -1 - 5)?
-7
What is -7 + (4 - 3) - -6?
0
Evaluate -8 - (3 + (-5 - 3)).
-3
-8 - (2 - (-1 + 7)) - 0
-4
0 - 16 - ((12 - 45) + 27)
-10
Calculate 3 + 0 + -7 + -1.
-5
Calculate -9 + (5 - 6) + 5.
-5
What is the value of 9 + (-8 - (2 + -2 + -4))?
5
16 + -19 + -3 + 13
7
2 - -2 - (4 + -7 - -4)
3
What is 20 - (-1 - -13) - 5?
3
What is the value of (-100 - -94) + (1 - -7)?
2
Calculate (1 - (-3 - (0 - -1))) + -3.
2
Calculate (-147 - -164) + -14 + -1.
2
Evaluate -8 + 8 + 6 + -5.
1
What is -2 + (10 - (18 - 12))?
2
Evaluate (1 - ((4 - 0) + -4)) + 1.
2
Calculate 6 + (0 - (-1 + 3)).
4
-8 + 8 - 1 - (2 + 5)
-8
Calculate -7 + -12 + (4 - -19).
4
What is the value of 10 - 2 - (-3 - (0 + -8))?
3
What is the value of 6 + -4 + -3 + 7 + -5?
1
What is 7 - ((1 - -5) + (-4 - 2))?
7
Calculate 3 + -8 + -2 + 5.
-2
Calculate (-23 - -27) + (-10 - -1).
-5
What is -8 + (0 - (7 + -4)) + 15?
4
Calculate (-109 - -101) + 5 + 2 + 1.
0
Calculate 11 + (-4 - 2) - 6.
-1
Calculate -4 - ((1 - 2) + -6).
3
What is (-5 - -5) + (-1 - -7)?
6
What is the value of -3 - (-4 - -4) - 0?
-3
What is 218 - 212 - (6 + 1)?
-1
Evaluate 7 + (-14 + 5 + 2 - -5).
5
What is the value of 1 - -2 - (-5 + 11)?
-3
3 + 3 - (-3 + 3 + 5)
1
What is the value of (-132 - -126) + 0 + 2?
-4
5 - (-1 + -2 + (7 - 7))
8
Evaluate -2 - (-9 - -8 - (2 + -8)).
-7
What is the value of (1 - -1) + (6 - (-3 + 6))?
5
Calculate -2 - (7 + (5 - (11 - 1))).
-4
(-66 - -83) + -13 + 2
6
Evaluate 8 + -3 - (-14 + 22).
-3
(-2 - (7 + -6)) + -4
-7
-2 + 1 + -13 + 15
1
What is 5 + -14 + (2 - -3) + -2?
-6
Evaluate 15 + 0 - (6 - -2) - -3.
10
3 - (-5 + 18 - 4)
-6
What is the value of (-9 - (-2 + -3)) + 4?
0
-2 - 2 - (-1 - 3)
0
What is (15 - 14) + 0 + -2 - -3?
2
What is -2 + 5 + 1 - -1?
5
-1 - (-2 + 2) - (42 + -38)
-5
1 + (-2 - (2 + -3 + -1))
1
What is the value of -4 + (0 - -4) - 1?
-1
What is the value of (1 - -2) + (3 - 11 - -10)?
5
(4 - 1) + (4 - -7) + -21
-7
Evaluate -10 + (1 - 3) + 18 + -11.
-5
What is the value of 2 + -5 - (-3 + 3 - 5)?
2
Evaluate -3 - (-10 - -2 - (-3 - -3)).
5
Evaluate -3 + -1 + 7 + (-18 - -10).
-5
Evaluate 1 + 7 + -8 + -1.
-1
Calculate -3 + 1 + 5 - (1 + 1).
1
What is -9 + 19 + -4 + -1 + -3?
2
Calculate -6 + (3 - (-6 + 10)).
-7
(-3 - 1 - -7) + (2 - 0)
5
-8 + (-11 + 9 - -5)
-5
What is the value of 5 - (10 - 2 - 15 - -3)?
9
Evaluate -1 - 3 - 0 - -3.
-1
Calculate 3 - 0 - (-8 - -9) - 5.
-3
2 + 2 + -11 + -1 + 4
-4
Calculate 0 + (-3 - -10 - 3 - 3).
1
Calculate (10 + -8 - 8) + 11.
5
Evaluate -46 - -45 - (1 - 0).
-2
Evaluate 5 + (0 - (-5 - -11)).
-1
Calculate -3 - -1 - ((-2 - -3) + 1).
-4
What is the value of 0 - (-7 + (7 - 5))?
5
(-2 - -5 - 6) + 6 + -1
2
What is 5 + (0 - -3) + -3?
5
6 - (0 - -3 - 3)
6
Evaluate (10 - 10 - -1) + (0 - 4).
-3
What is the value of 1 - (-10 + 3 - -2 - -3)?
3
What is 15 + -15 - (-4 + 5)?
-1
What is 2 + (-13 - -5 - -1) - 0?
-5
What is -1 + 3 + -7 - (-8 + 4)?
-1
What is 13 + (6 - 4 - (8 - 1))?
8
-1 + 0 - (15 - (12 + -3))
-7
Evaluate -23 - -20 - (1 + 1 - 1).
-4
What is -6 - (-8 - 1) - 5?
-2
Evaluate 0 + -1 + 1 - 4.
-4
What is the value of -6 + (5 - -5) + -5 + 1?
0
-2 + (2 - 1) + 6
5
(2 - -3 - 1) + (-2 - -7)
9
Evaluate 6 + (6 - (-7 - (-11 - -1))).
9
What is the value of -1 + 1 - (6 + -10 + 0)?
4
(-2 - -3) + -5 + 2 - 3
-5
What is the value of -3 - (-3 + -3 + 10 - 8)?
1
What is the value of (6 + 3 + -5 - 14) + 6?
-4
(-2 - (-10 - -3)) + (-2 - -2)
5
What is 2 + -1 - (6 - (2 - 1))?
-4
What is 4 + (9 - 7) + -3 + -1?
2
Calculate 1 + 7 + -5 + -7.
-4
What is the value of -12 + 14 + (0 - 1)?
1
1 + (4 - 4) - 0
1
What is the value of -23 - -13 - (2 - 6) - -4?
-2
-11 + (4 - 1) + 3 + -2
-7
What is 2 - (0 - (2 + 2 + -1))?
5
What is -1 + 2 - (-18 - -18)?
1
What is the value of 2 + -6 + (2 - -1)?
-1
Calculate -2 + 2 + 0 - (-20 - -18).
2
Evaluate 3 - (9 + -9) - (12 + -5).
-4
Calculate (-6 - (-3 + 2 + -2)) + -2.
-5
Calculate 2 - (2 - (2 + -2)) - -2.
2
What is -5 + 1 + 0 - (-310 - -316)?
-10
Calculate (0 - 6) + 3 - (-1 - 2).
0
What is the value of -2 + -3 + 8 + -1 + -4?
-2
0 + 12 + -13 + (-2 - 0)
-3
(-3 - -7) + 0 + -9
-5
Evaluate 1 + 3 + 0 + -2 + -1.
1
What is 6 + -2 + 8 + -12?
0
Calculate -2 - 2 - (4 - 4).
-4
What is the value of -10 + 16 - (-1 - (-3 - 3))?
1
Evaluate 14 + -19 + 4 - 5.
-6
What is (4 - 6 - (4 + -5)) + -2?
-3
What is 2 + (-2 - -1) + (-5 - -6)?
2
Evaluate -5 - -10 - (7 + -11).
9
(-2 - 2) + 2 - -3
1
Evaluate -4 - 10 - (3 - 11).
-6
Evaluate -3 + 4 - (1 + (8 - 16)).
8
What is (-1 - 3) + 1 + 0?
-3
What is -31 + 30 + (-1 - -6)?
4
What is 3 - (4 - 6 - (2 - 7))?
0
Calculate 2 + 0 - (0 - 2).
4
0 - (5 - 3 - 5)
3
-7 + 1 - (-69 - -59)
4
Evaluate (-2 - -4) + (10 - 16).
-4
What is the value of (16 - 10) + 1 + -1?
6
What is the value of 1 - ((10 + -3 - 2) + -1)?
-3
Calculate (-1 - -6) + -4 - 4 - -5.
2
4 + -5 - ((-3 - -7) + -3)
-2
What is the value of (-1 - -17 - 8) + -4?
4
Evaluate (6 - (1 - 0 - 1)) + -9.
-3
Calculate 1 - (1 + 3 - 8).
5
(-1 - (1 - 1)) + -4 + 1
-4
What is the value of -2 + -2 - (45 + -42)?
-7
Calculate -3 - (-6 + (5 - 3)).
1
What is the value of 9 - (3 + 1) - 4?
1
Calculate 4 + -1 + -2 + -2 + 0.
-1
12 + (-1 - (-4 + -2)) + -11
6
Calculate -3 + 2 + (6 - 2) + 1.
4
Evaluate (-3 - -3) + (7 - 5) + -8.
-6
Calculate -1 + -4 + (10 - 6).
-1
What is 1 - -1 - (79 + -81)?
4
What is the value of -10 + (7 - -2) + (2 - 0)?
1
What is -4 + -2 + 4 + 1?
-1
What is 1 + 3 + 4 + -5?
3
What is 9 + -13 - -3 - (-9 - -3)?
5
What is (-108 - -114) + (2 - 5) + -2?
1
Evaluate -1 - (5 + (4 - 13)) - 4.
-1
Evaluate 4 - (4 - (2 - (-2 + 4))).
0
What is -2 - -1 - (34 + -33)?
-2
4 + (-6 - -11 - 3) + -8
-2
Calculate -3 + (6 - 4) + 0.
-1
Evaluate -8 - (-12 + -5 + (7 - -4)).
-2
Calculate 0 - (4 + -1) - (-4 + 2).
-1
Evaluate (-3 - -1) + 39 + -31.
6
What is the value of 3 + 3 + (5 - 3) + -8?
0
Evaluate 2 + -9 - (-7 - 0 - 3).
3
Calculate 3 + (3 - 4) - (-3 + 3).
2
12 - (-7 + 13 - -3)
3
-1 - -3 - 2 - (4 + -1)
-3
Calculate (-3 - (-1 + -5 + 2)) + -2.
-1
1 - 1 - (-8 + (1 - 0))
7
(-2 - -11) + -5 + 2 + -5
1
Evaluate (2 - 2) + 0 + 1 - 2.
-1
What is 5 + (9 - 5 - 5)?
4
What is the value of -3 - 0 - (-2 + 0 - -2)?
-3
Calculate (-3 - (-1 + -5)) + -8 - 0.
-5
Evaluate 0 + 12 + -67 + 60.
5
(-18 - -24) + (0 - 1)
5
What is 1 + 3 - 1 - -3 - -4?
10
Calculate 3 + (9 - (4 + 6)).
2
9 + (2 -